[INFO] cloning repository https://github.com/Cynosure-null/rsroll
[INFO] running `Command { std: "git" "-c" "credential.helper=" "-c" "credential.helper=/workspace/cargo-home/bin/git-credential-null" "clone" "--bare" "https://github.com/Cynosure-null/rsroll" "/workspace/cache/git-repos/https%3A%2F%2Fgithub.com%2FCynosure-null%2Frsroll", kill_on_drop: false }`
[INFO] [stderr] Cloning into bare repository '/workspace/cache/git-repos/https%3A%2F%2Fgithub.com%2FCynosure-null%2Frsroll'...
[INFO] running `Command { std: "git" "rev-parse" "HEAD", kill_on_drop: false }`
[INFO] [stdout] 18986b875c685c41d7bae91965cb7e39140bf82b
[INFO] checking Cynosure-null/rsroll against master#9610dfe5a9a731ced1ea4923ecbd0c57fe367898 for beta-170-4
[INFO] running `Command { std: "git" "clone" "/workspace/cache/git-repos/https%3A%2F%2Fgithub.com%2FCynosure-null%2Frsroll" "/workspace/builds/worker-7-tc1/source", kill_on_drop: false }`
[INFO] [stderr] Cloning into '/workspace/builds/worker-7-tc1/source'...
[INFO] [stderr] done.
[INFO] validating manifest of git repo https://github.com/Cynosure-null/rsroll on toolchain 9610dfe5a9a731ced1ea4923ecbd0c57fe367898
[INFO] running `Command { std: CARGO_HOME="/workspace/cargo-home" RUSTUP_HOME="/workspace/rustup-home" "/workspace/cargo-home/bin/cargo" "+9610dfe5a9a731ced1ea4923ecbd0c57fe367898" "metadata" "--manifest-path" "Cargo.toml" "--no-deps", kill_on_drop: false }`
[INFO] started tweaking git repo https://github.com/Cynosure-null/rsroll
[INFO] finished tweaking git repo https://github.com/Cynosure-null/rsroll
[INFO] tweaked toml for git repo https://github.com/Cynosure-null/rsroll written to /workspace/builds/worker-7-tc1/source/Cargo.toml
[INFO] crate git repo https://github.com/Cynosure-null/rsroll already has a lockfile, it will not be regenerated
[INFO] running `Command { std: CARGO_HOME="/workspace/cargo-home" RUSTUP_HOME="/workspace/rustup-home" "/workspace/cargo-home/bin/cargo" "+9610dfe5a9a731ced1ea4923ecbd0c57fe367898" "fetch" "--manifest-path" "Cargo.toml", kill_on_drop: false }`
[INFO] [stderr]     Updating crates.io index
[INFO] [stderr]  Downloading crates ...
[INFO] [stderr]   Downloaded symphonia v0.5.2
[INFO] [stderr]   Downloaded symphonia-metadata v0.5.2
[INFO] [stderr]   Downloaded symphonia-bundle-mp3 v0.5.2
[INFO] [stderr]   Downloaded ncurses v5.101.0
[INFO] [stderr]   Downloaded ahash v0.8.0
[INFO] [stderr]   Downloaded symphonia-core v0.5.2
[INFO] running `Command { std: "docker" "create" "-v" "/var/lib/crater-agent-workspace/builds/worker-7-tc1/target:/opt/rustwide/target:rw,Z" "-v" "/var/lib/crater-agent-workspace/builds/worker-7-tc1/source:/opt/rustwide/workdir:ro,Z" "-v" "/var/lib/crater-agent-workspace/cargo-home:/opt/rustwide/cargo-home:ro,Z" "-v" "/var/lib/crater-agent-workspace/rustup-home:/opt/rustwide/rustup-home:ro,Z" "-e" "SOURCE_DIR=/opt/rustwide/workdir" "-e" "CARGO_TARGET_DIR=/opt/rustwide/target" "-e" "CARGO_HOME=/opt/rustwide/cargo-home" "-e" "RUSTUP_HOME=/opt/rustwide/rustup-home" "-w" "/opt/rustwide/workdir" "-m" "1610612736" "--user" "0:0" "--network" "none" "ghcr.io/rust-lang/crates-build-env/linux@sha256:19e73879b68f455e41552ea35293514db52ea292d993f571636dbffedb77a1ee" "/opt/rustwide/cargo-home/bin/cargo" "+9610dfe5a9a731ced1ea4923ecbd0c57fe367898" "metadata" "--no-deps" "--format-version=1", kill_on_drop: false }`
[INFO] [stdout] 75dede683ab48bc77fcf60460cfb9da8977f7b4185da8c7c1c97a58fdde2ba81
[INFO] running `Command { std: "docker" "start" "-a" "75dede683ab48bc77fcf60460cfb9da8977f7b4185da8c7c1c97a58fdde2ba81", kill_on_drop: false }`
[INFO] running `Command { std: "docker" "inspect" "75dede683ab48bc77fcf60460cfb9da8977f7b4185da8c7c1c97a58fdde2ba81", kill_on_drop: false }`
[INFO] running `Command { std: "docker" "rm" "-f" "75dede683ab48bc77fcf60460cfb9da8977f7b4185da8c7c1c97a58fdde2ba81", kill_on_drop: false }`
[INFO] [stdout] 75dede683ab48bc77fcf60460cfb9da8977f7b4185da8c7c1c97a58fdde2ba81
[INFO] running `Command { std: "docker" "create" "-v" "/var/lib/crater-agent-workspace/builds/worker-7-tc1/target:/opt/rustwide/target:rw,Z" "-v" "/var/lib/crater-agent-workspace/builds/worker-7-tc1/source:/opt/rustwide/workdir:ro,Z" "-v" "/var/lib/crater-agent-workspace/cargo-home:/opt/rustwide/cargo-home:ro,Z" "-v" "/var/lib/crater-agent-workspace/rustup-home:/opt/rustwide/rustup-home:ro,Z" "-e" "SOURCE_DIR=/opt/rustwide/workdir" "-e" "CARGO_TARGET_DIR=/opt/rustwide/target" "-e" "CARGO_INCREMENTAL=0" "-e" "RUST_BACKTRACE=full" "-e" "RUSTFLAGS=--cap-lints=forbid" "-e" "RUSTDOCFLAGS=--cap-lints=forbid" "-e" "CARGO_HOME=/opt/rustwide/cargo-home" "-e" "RUSTUP_HOME=/opt/rustwide/rustup-home" "-w" "/opt/rustwide/workdir" "-m" "1610612736" "--user" "0:0" "--network" "none" "ghcr.io/rust-lang/crates-build-env/linux@sha256:19e73879b68f455e41552ea35293514db52ea292d993f571636dbffedb77a1ee" "/opt/rustwide/cargo-home/bin/cargo" "+9610dfe5a9a731ced1ea4923ecbd0c57fe367898" "check" "--frozen" "--all" "--all-targets" "--message-format=json", kill_on_drop: false }`
[INFO] [stdout] 05b05831e466645a6b6187c605a751486afecdaffad8be7123262d5976efb566
[INFO] running `Command { std: "docker" "start" "-a" "05b05831e466645a6b6187c605a751486afecdaffad8be7123262d5976efb566", kill_on_drop: false }`
[INFO] [stderr]    Compiling libc v0.2.131
[INFO] [stderr]    Compiling proc-macro2 v1.0.51
[INFO] [stderr]    Compiling unicode-ident v1.0.8
[INFO] [stderr]    Compiling quote v1.0.23
[INFO] [stderr]    Compiling syn v1.0.109
[INFO] [stderr]    Compiling pkg-config v0.3.26
[INFO] [stderr]    Compiling num-traits v0.2.15
[INFO] [stderr]    Compiling num-integer v0.1.45
[INFO] [stderr]    Compiling fnv v1.0.7
[INFO] [stderr]    Compiling ident_case v1.0.1
[INFO] [stderr]    Compiling num-rational v0.4.1
[INFO] [stderr]    Compiling num-iter v0.1.43
[INFO] [stderr]    Compiling log v0.4.17
[INFO] [stderr]    Compiling lock_api v0.4.9
[INFO] [stderr]     Checking bytemuck v1.13.1
[INFO] [stderr]     Checking arrayvec v0.7.2
[INFO] [stderr]    Compiling parking_lot_core v0.9.7
[INFO] [stderr]    Compiling crossbeam-utils v0.8.15
[INFO] [stderr]    Compiling ahash v0.8.0
[INFO] [stderr]     Checking encoding_rs v0.8.32
[INFO] [stderr]     Checking smallvec v1.10.0
[INFO] [stderr]     Checking symphonia-core v0.5.2
[INFO] [stderr]    Compiling cc v1.0.78
[INFO] [stderr]     Checking itoa v1.0.6
[INFO] [stderr]     Checking num_threads v0.1.6
[INFO] [stderr]     Checking stable_deref_trait v1.2.0
[INFO] [stderr]     Checking once_cell v1.17.1
[INFO] [stderr]    Compiling signal-hook v0.3.15
[INFO] [stderr]     Checking tinyvec_macros v0.1.1
[INFO] [stderr]    Compiling cpal v0.15.2
[INFO] [stderr]     Checking owning_ref v0.4.1
[INFO] [stderr]     Checking tinyvec v1.6.0
[INFO] [stderr]     Checking ogg v0.8.0
[INFO] [stderr]     Checking unicode-segmentation v1.10.1
[INFO] [stderr]     Checking dasp_sample v0.11.0
[INFO] [stderr]     Checking unicode-width v0.1.10
[INFO] [stderr]     Checking xi-unicode v0.3.0
[INFO] [stderr]     Checking maplit v1.0.2
[INFO] [stderr]     Checking claxon v0.4.3
[INFO] [stderr]    Compiling alsa-sys v0.3.1
[INFO] [stderr]     Checking hound v3.5.0
[INFO] [stderr]     Checking crossbeam-channel v0.5.7
[INFO] [stderr]    Compiling ncurses v5.101.0
[INFO] [stderr]     Checking num-complex v0.4.3
[INFO] [stderr]     Checking lewton v0.10.2
[INFO] [stderr]     Checking symphonia-metadata v0.5.2
[INFO] [stderr]     Checking getrandom v0.2.7
[INFO] [stderr]     Checking nix v0.24.3
[INFO] [stderr]     Checking signal-hook-registry v1.4.1
[INFO] [stderr]     Checking time v0.3.15
[INFO] [stderr]     Checking term_size v0.3.2
[INFO] [stderr]     Checking rand_core v0.6.3
[INFO] [stderr]     Checking parking_lot v0.12.1
[INFO] [stderr]     Checking num v0.4.0
[INFO] [stderr]     Checking rand_chacha v0.3.1
[INFO] [stderr]     Checking symphonia-bundle-mp3 v0.5.2
[INFO] [stderr]     Checking alsa v0.7.0
[INFO] [stderr]     Checking rand v0.8.5
[INFO] [stderr]     Checking symphonia v0.5.2
[INFO] [stderr]     Checking rodio v0.17.1
[INFO] [stderr]    Compiling darling_core v0.14.3
[INFO] [stderr]    Compiling enum-map-derive v0.11.0
[INFO] [stderr]     Checking enum-map v2.4.2
[INFO] [stderr]    Compiling darling_macro v0.14.3
[INFO] [stderr]    Compiling darling v0.14.3
[INFO] [stderr]    Compiling enumset_derive v0.6.1
[INFO] [stderr]     Checking enumset v1.0.12
[INFO] [stderr]     Checking cursive_core v0.3.7
[INFO] [stderr]     Checking cursive v0.20.0
[INFO] [stderr]     Checking ncdnd v0.1.0 (/opt/rustwide/workdir)
[INFO] [stdout] error[E0583]: file not found for module `music`
[INFO] [stdout]  --> src/main.rs:9:1
[INFO] [stdout]   |
[INFO] [stdout] 9 | mod music;
[INFO] [stdout]   | ^^^^^^^^^^
[INFO] [stdout]   |
[INFO] [stdout]   = help: to create the module `music`, create file "src/music.rs" or "src/music/mod.rs"
[INFO] [stdout] 
[INFO] [stdout] 
[INFO] [stdout] error[E0583]: file not found for module `music`
[INFO] [stdout]  --> src/main.rs:9:1
[INFO] [stdout]   |
[INFO] [stdout] 9 | mod music;
[INFO] [stdout]   | ^^^^^^^^^^
[INFO] [stdout]   |
[INFO] [stdout]   = help: to create the module `music`, create file "src/music.rs" or "src/music/mod.rs"
[INFO] [stdout] 
[INFO] [stdout] 
[INFO] [stdout] error[E0425]: cannot find function `index` in module `music`
[INFO] [stdout]   --> src/main.rs:16:24
[INFO] [stdout]    |
[INFO] [stdout] 16 |     let songs = music::index();
[INFO] [stdout]    |                        ^^^^^ not found in `music`
[INFO] [stdout] 
[INFO] [stdout] 
[INFO] [stdout] error[E0425]: cannot find function `play` in module `music`
[INFO] [stdout]   --> src/main.rs:70:39
[INFO] [stdout]    |
[INFO] [stdout] 70 | ...                   music::play(moveable_i.clone());
[INFO] [stdout]    |                              ^^^^ not found in `music`
[INFO] [stdout] 
[INFO] [stdout] 
[INFO] [stdout] error[E0425]: cannot find function `play` in module `music`
[INFO] [stdout]   --> src/main.rs:78:31
[INFO] [stdout]    |
[INFO] [stdout] 78 |                        music::play("test.ogg".to_string());
[INFO] [stdout]    |                               ^^^^ not found in `music`
[INFO] [stdout] 
[INFO] [stdout] 
[INFO] [stdout] warning: unused imports: `CursiveRunnable`, `self`, `view`
[INFO] [stdout]  --> src/main.rs:1:33
[INFO] [stdout]   |
[INFO] [stdout] 1 | use cursive::{views::{EditView, self}, view, CursiveRunnable};
[INFO] [stdout]   |                                 ^^^^   ^^^^  ^^^^^^^^^^^^^^^
[INFO] [stdout]   |
[INFO] [stdout]   = note: `#[warn(unused_imports)]` on by default
[INFO] [stdout] 
[INFO] [stdout] 
[INFO] [stdout] warning: unused imports: `AtomicUsize`, `Ordering`, `fmt::format`
[INFO] [stdout]  --> src/main.rs:5:26
[INFO] [stdout]   |
[INFO] [stdout] 5 | use std::{sync::atomic::{AtomicUsize, Ordering}, fmt::format};
[INFO] [stdout]   |                          ^^^^^^^^^^^  ^^^^^^^^   ^^^^^^^^^^^
[INFO] [stdout] 
[INFO] [stdout] 
[INFO] [stdout] warning: unused import: `cursive::Cursive`
[INFO] [stdout]  --> src/main.rs:6:5
[INFO] [stdout]   |
[INFO] [stdout] 6 | use cursive::Cursive;
[INFO] [stdout]   |     ^^^^^^^^^^^^^^^^
[INFO] [stdout] 
[INFO] [stdout] 
[INFO] [stdout] warning: unused import: `std::env`
[INFO] [stdout]  --> src/calc.rs:2:5
[INFO] [stdout]   |
[INFO] [stdout] 2 | use std::env;
[INFO] [stdout]   |     ^^^^^^^^
[INFO] [stdout] 
[INFO] [stdout] 
[INFO] [stdout] warning: unused import: `std::str::FromStr`
[INFO] [stdout]  --> src/calc.rs:3:5
[INFO] [stdout]   |
[INFO] [stdout] 3 | use std::str::FromStr;
[INFO] [stdout]   |     ^^^^^^^^^^^^^^^^^
[INFO] [stdout] 
[INFO] [stdout] 
[INFO] [stdout] error[E0425]: cannot find function `index` in module `music`
[INFO] [stdout]   --> src/main.rs:16:24
[INFO] [stdout]    |
[INFO] [stdout] 16 |     let songs = music::index();
[INFO] [stdout]    |                        ^^^^^ not found in `music`
[INFO] [stdout] 
[INFO] [stdout] 
[INFO] [stdout] error[E0425]: cannot find function `play` in module `music`
[INFO] [stdout]   --> src/main.rs:70:39
[INFO] [stdout]    |
[INFO] [stdout] 70 | ...                   music::play(moveable_i.clone());
[INFO] [stdout]    |                              ^^^^ not found in `music`
[INFO] [stdout] 
[INFO] [stdout] 
[INFO] [stdout] error[E0425]: cannot find function `play` in module `music`
[INFO] [stdout]   --> src/main.rs:78:31
[INFO] [stdout]    |
[INFO] [stdout] 78 |                        music::play("test.ogg".to_string());
[INFO] [stdout]    |                               ^^^^ not found in `music`
[INFO] [stdout] 
[INFO] [stdout] 
[INFO] [stdout] warning: unused imports: `CursiveRunnable`, `self`, `view`
[INFO] [stdout]  --> src/main.rs:1:33
[INFO] [stdout]   |
[INFO] [stdout] 1 | use cursive::{views::{EditView, self}, view, CursiveRunnable};
[INFO] [stdout]   |                                 ^^^^   ^^^^  ^^^^^^^^^^^^^^^
[INFO] [stdout]   |
[INFO] [stdout]   = note: `#[warn(unused_imports)]` on by default
[INFO] [stdout] 
[INFO] [stdout] 
[INFO] [stdout] warning: unused imports: `AtomicUsize`, `Ordering`, `fmt::format`
[INFO] [stdout]  --> src/main.rs:5:26
[INFO] [stdout]   |
[INFO] [stdout] 5 | use std::{sync::atomic::{AtomicUsize, Ordering}, fmt::format};
[INFO] [stdout]   |                          ^^^^^^^^^^^  ^^^^^^^^   ^^^^^^^^^^^
[INFO] [stdout] 
[INFO] [stdout] 
[INFO] [stdout] warning: unused import: `cursive::Cursive`
[INFO] [stdout]  --> src/main.rs:6:5
[INFO] [stdout]   |
[INFO] [stdout] 6 | use cursive::Cursive;
[INFO] [stdout]   |     ^^^^^^^^^^^^^^^^
[INFO] [stdout] 
[INFO] [stdout] 
[INFO] [stdout] warning: unused import: `std::env`
[INFO] [stdout]  --> src/calc.rs:2:5
[INFO] [stdout]   |
[INFO] [stdout] 2 | use std::env;
[INFO] [stdout]   |     ^^^^^^^^
[INFO] [stdout] 
[INFO] [stdout] 
[INFO] [stdout] warning: unused import: `std::str::FromStr`
[INFO] [stdout]  --> src/calc.rs:3:5
[INFO] [stdout]   |
[INFO] [stdout] 3 | use std::str::FromStr;
[INFO] [stdout]   |     ^^^^^^^^^^^^^^^^^
[INFO] [stdout] 
[INFO] [stdout] 
[INFO] [stdout] error: aborting due to 4 previous errors; 5 warnings emitted
[INFO] [stdout] 
[INFO] [stdout] 
[INFO] [stdout] Some errors have detailed explanations: E0425, E0583.
[INFO] [stdout] 
[INFO] [stdout] For more information about an error, try `rustc --explain E0425`.
[INFO] [stdout] 
[INFO] [stdout] error: aborting due to 4 previous errors; 5 warnings emitted
[INFO] [stdout] 
[INFO] [stdout] 
[INFO] [stdout] Some errors have detailed explanations: E0425, E0583.
[INFO] [stdout] 
[INFO] [stdout] For more information about an error, try `rustc --explain E0425`.
[INFO] [stdout] 
[INFO] [stderr] error: could not compile `ncdnd` (bin "ncdnd") due to 5 previous errors; 5 warnings emitted
[INFO] [stderr] warning: build failed, waiting for other jobs to finish...
[INFO] [stderr] error: could not compile `ncdnd` (bin "ncdnd" test) due to 5 previous errors; 5 warnings emitted
[INFO] running `Command { std: "docker" "inspect" "05b05831e466645a6b6187c605a751486afecdaffad8be7123262d5976efb566", kill_on_drop: false }`
[INFO] running `Command { std: "docker" "rm" "-f" "05b05831e466645a6b6187c605a751486afecdaffad8be7123262d5976efb566", kill_on_drop: false }`
[INFO] [stdout] 05b05831e466645a6b6187c605a751486afecdaffad8be7123262d5976efb566
